ided by q.
11
Let s(f) be the second derivative of 5*f**4/6 - 4*f. Let r be s(-2). Calculate the remainder when 2 is divided by 96/r + 2/(-5).
0
Let p = 190 - 122. What is the remainder when p is divided by 35?
33
Let q = 15 - 12. Suppose -q*y + x + 172 = 3*x, -4*y = -5*x - 237. What is the remainder when y is divided by 15?
13
Let p = 66 - 70. Suppose 0*w = -3*w - 96. Calculate the remainder when ((-14)/(-8))/(p/w) is divided by 4.
2
Let r(l) = -2*l**3 - 9*l**2 - 2*l + 10. Calculate the remainder when r(-5) is divided by 23.
22
Suppose 2*p + 25 = -95. Let z = p + 17. Calculate the remainder when (-2 + z/(-2))*2 is divided by 20.
19
Calculate the remainder when 9/((-62)/(-10) + -6) is divided by 25.
20
Let s = 145 - 143. Let u = 22 + -9. Calculate the remainder when s/(-4) + (-539)/(-22) is divided by u.
11
Let q(w) = -8*w + 35 + w**2 + 25*w - w. What is the remainder when 96 is divided by q(-15)?
16
Let o(j) = -3*j - 4*j + j**2 + j + 6. Suppose 4*k - r - 148 = 0, 3*k - 49 = r + 61. Calculate the remainder when k is divided by o(7).
12
Let g = -411 - -433. What is the remainder when 153 is divided by g?
21
Suppose -45 = -0*o - 5*o. Let c = 5 - o. Calculate the remainder when 71 + 2/c*2 is divided by 24.
22
Let i = -1676 + 1712. What is the remainder when 101 is divided by i?
29
Let r be 0 - -6*4/8. Suppose r*y = -2*k + 8*y + 8, 2*k - 2*y = 8. What is the remainder when 14 is divided by k?
2
Let c(a) = a**3 - 8*a**2 + 3*a - 4. Calculate the remainder when 6*(-394)/(-20) - (-36)/45 is divided by c(8).
19
Let q(y) = 2*y - 58. Let h be q(9). Suppose -3*c + 104 = c. What is the remainder when c is divided by h/(-14)*49/14?
6
Let a(i) = -i + 17. Calculate the remainder when 100 is divided by a(-13).
10
Let n be (-100)/15*36/(-10). Suppose -50 = -5*s - g, -4*s - g + n + 15 = 0. What is the remainder when 53 is divided by s?
9
Suppose l = 4*n - 7*n + 141, 5*n - 235 = -2*l. What is the remainder when n*-2*(-1)/2 is divided by 16?
15
Let o(g) = -g**3 + 5*g**2 - 3*g + 4. Let c be o(3). Suppose 3*k = 2 + c. Suppose 0 = -k*n + 11 + 149. What is the remainder when n is divided by 9?
5
Suppose 24*d = 12*d + 348. Let s(t) = -t**2 - 10*t + 10. Calculate the remainder when d is divided by s(-10).
9
Let i = 59 + -80. Let h = -15 - i. Calculate the remainder when 8 is divided by h.
2
Suppose 2*a - 37 = 4*p - 5, 0 = -5*a + 4*p + 80. What is the remainder when 927 is divided by a?
15
Let c(m) = -m**3 + 7*m**2 - 6*m + 6. Suppose 7*f + 6*f = -20*f + 957. What is the remainder when f is divided by c(6)?
5
Suppose 0 = -5*q - w - 16, 4*w = -q + 12. Let b be q/8*8 + 22. What is the remainder when (12 - b)/(2/(-6)) is divided by 7?
4
Suppose -106 + 836 = 5*r + 5*g, -3*g + 150 = r. Calculate the remainder when r is divided by 22.
12
Suppose 0 = -w + 3*c - 3, 2*w + 5*c + 6 = 3*c. What is the remainder when ((-285)/(-12))/(((-6)/(-8))/3) is divided by 168/35*(-15)/w?
23
Let r(j) = j**2 + 10*j - 58. Calculate the remainder when 0/(-1 - 2) + 80 is divided by r(-15).
12
Let h = 63 + -40. Let b = -11 + h. What is the remainder when 2 - -35 - 9/(-4 - -7) is divided by b?
10
Suppose -24*g - 21 = -27*g. Suppose -308 + 42 = -g*j. Calculate the remainder when 113 is divided by j.
37
Let o = -67 - -104. Suppose -12 + o = 5*t. Calculate the remainder when 34 is divided by t.
4
Suppose y - 45 = -2*u, 8*u = 2*y + 4*u - 66. What is the remainder when (-1)/(((-21)/(-576))/(-7)) is divided by y?
36
Suppose -14*j - 4*w + 260 = -11*j, -5*j = 4*w - 436. What is the remainder when j is divided by 59?
29
Let o(y) = -32 + 10*y - 4*y**2 + 3*y**2 + 46. What is the remainder when 11 is divided by o(11)?
2
Suppose s + i = 43, s + 3*i - 50 = -1. Calculate the remainder when 151 is divided by s.
31
Let j(m) be the third derivative of -1/15*m**5 + 1/6*m**4 - 1/120*m**6 + 0*m + 1/6*m**3 - 10*m**2 + 0. What is the remainder when j(-5) is divided by 3?
0
Let h(j) = 63*j + 6. Let s be h(4). Let x = s + -167. Calculate the remainder when x is divided by 24.
19
Let w = 201 + -140. Suppose -4*a + 6*a + w = j, 0 = -3*a - 6. Calculate the remainder when j is divided by 22.
13
Let n(s) = -s**3 - 7*s**2 + 5*s + 12. Let v be n(-8). Let y = v - 23. Suppose 4*b - 15 = y. Calculate the remainder when 13 is divided by b.
6
Let s(b) = -b - 4. Let u be s(-8). Suppose -u*d = -5*d - 41. Let a = 143 + d. What is the remainder when a is divided by 35?
32
Let n be (99/(-18) + 5)*276/(-2). What is the remainder when 40 is divided by (n/(-9) + 2/(-6))*-2?
8
Let y = 585 + 1619. What is the remainder when y is divided by 96?
92
Let v(a) = a**3 - 51*a**2 - 53*a + 87. What is the remainder when 228 is divided by v(52)?
18
Suppose 4*m - 10 = -5*b, 2*m + 5*b = 3*b + 6. Suppose -2*i - 41 = -m*n, -3*n - 4*i + 0*i + 9 = 0. Calculate the remainder when (-1)/2 - 27/(-2) is divided by n.
6
Let y = 5 - -28. Let p = y + -20. What is the remainder when (2 + (-14)/(-5))*5 is divided by p?
11
Let z = 221 + -214. Calculate the remainder when 137 is divided by z.
4
Calculate the remainder when 164/10*(-20 + 325/10) is divided by 52.
49
Suppose -1248 = -4*w - 1076. Calculate the remainder when 45 is divided by w.
2
Let p(b) = b**2 - 111*b - 117. Calculate the remainder when p(113) is divided by (-1)/(-1 - 0) + 37.
33
Let j = 9 - 3. Suppose -7*p = -2*p - 15. What is the remainder when 4 + j/(-15)*-5 is divided by p?
0
Calculate the remainder when 471 is divided by (0 - 3)*2 + 13938/138.
91
Let d = -48 - -150. Suppose d*j + 18 = 104*j. What is the remainder when 53 is divided by j?
8
Suppose 0 = 3*r - 64 - 239. Let s = -3977 - -4004. What is the remainder when r is divided by s?
20
Suppose 5*l + 4 = 3*l. What is the remainder when l*(3 - (-1 - -17)) is divided by 10?
6
Calculate the remainder when 58 is divided by (19 - 20 - -5) + (0 - -8).
10
Let p = 29 + -17. Suppose 5*k - 13 = -8, -5*w + 16 = k. Calculate the remainder when p is divided by w.
0
Suppose 10*i - 32 - 38 = 0. Suppose -i*x + 45 = -186. What is the remainder when 64 is divided by x?
31
Let o(j) = -28*j - 1. Let n be o(1). Let h = 19 + n. Calculate the remainder when 43 is divided by -1*(h - (-3)/3).
7
Suppose 3*z + 6 = -x + 7*z, 5*z - 39 = -4*x. Let a = 1251 - 1241. Calculate the remainder when a is divided by x.
4
Suppose f - 14 = 2*h, 5*h - 36 = -4*f + 46. Calculate the remainder when 89 is divided by f.
17
Let y = -8 + 36. Let o be (-7 + 2/(-1))*184. Calculate the remainder when 4/(-10) - o/15 is divided by y.
26
Suppose 4*l = -5*o + l + 90, -4*o = 4*l - 64. Suppose 2*v - 3*b - o = 13, -2*b = 4. Let c(a) = -a + 8. What is the remainder when v is divided by c(0)?
6
Suppose -5*c + 9 - 40 = -2*t, 0 = 2*t + 3*c + 9. Suppose t*f = -s + 11, 0 = s - 5*f - 0*f + 21. What is the remainder when (-9)/(-2)*(s + 3) is divided by 5?
4
Suppose 3*c = -5*a + 1153, -6*c + 9*c + 457 = 2*a. Calculate the remainder when a is divided by 27.
14
Let y(s) = -s**3 - 7*s**2 - 3*s - 1. Let k be y(-5). What is the remainder when (-27)/k*4*23 is divided by 18?
15
Let x = 22 - 72. Let m = x - -70. Let h = -8 + 15. What is the remainder when m is divided by h?
6
Let y(f) = 2*f**2 + 14*f - 51. Calculate the remainder when y(11) is divided by 88.
81
Let g = -26 + 31. Let y = g + 19. Calculate the remainder when 69 is divided by y.
21
Let n be 2 + 25 + 1 + -2. Let c = n + 3. Calculate the remainder when c is divided by 10.
9
Suppose 0 = 23*h - 1070 - 655. Let w be 1/((-2)/2 + 2). Let s(p) = 18*p + 1. What is the remainder when h is divided by s(w)?
18
Suppose -5*f + 0 = -20. Suppose f*j = 2*m - 60, 5*m + 2*j - 23 = 79. What is the remainder when 108 is divided by m?
20
Let t be 33/12 - (-4)/16 - -46. Suppose 3*c + 2*q = 3*q + t, 3*q = -4*c + 74. Calculate the remainder when c is divided by 5.
2
Suppose -5*y + 3*y - 3*z = -7, -21 = -3*y - z. Suppose 2*w + 170 = 2*u, 2*w - 3*w - 67 = 5*u. What is the remainder when (-5)/(-15) - w/6 is divided by y?
6
Let a = 9 - 5. Let d(g) = -5*g - 17. Let z(t) = -3*t - 8. Let x(f) = -2*d(f) + 5*z(f). Calculate the remainder when x(-4) is divided by a.
2
Let k(m) = -2*m - 40. Let u be k(-23). Suppose 128 = 2*a + u*a. What is the remainder when 111 is divided by a?
15
Let w = -70 - -137. Suppose -71 - 3 = -2*j - 2*z, -5*j = -3*z - 169. Calculate the remainder when w is divided by 